 -4)*o/(-2). Let a = s - 15. What is the units digit of a?
8
Suppose -2*i = -18 - 6. What is the tens digit of i?
1
Let m(q) = -q**3 + 7*q**2 - 3*q + 2. What is the units digit of m(4)?
8
Suppose 0 = -2*p + 3*r + r - 58, p + 2*r + 37 = 0. Let a = -8 - p. What is the tens digit of a?
2
Let v = 5 - 7. What is the units digit of 3/v + 51/6?
7
Let r(t) = -t**3 + 3*t**2 - 2*t. Let j be r(3). Let n(x) = -3 - 3*x + x**3 + 5*x - 4*x - 4 + 6*x**2. What is the units digit of n(j)?
5
Let u(l) be the first derivative of 2*l**3/3 - l**2 + l - 2. What is the units digit of u(2)?
5
Suppose -2*r + 4 = -36. What is the tens digit of r?
2
Suppose 7 = -4*m + 27. What is the units digit of m?
5
Let i(d) = d**3 - 3*d**2 - 3*d + 4. Let z be (1 - 0)/((-2)/(-90)). Suppose 5*v + 5*j - z = 0, 0*v - j + 1 = -v. What is the units digit of i(v)?
8
Suppose -n = -4*n + 2*x + 145, 2*n + 5*x - 65 = 0. What is the tens digit of n?
4
Let r = 39 + 13. What is the units digit of r?
2
Suppose -4*p = -4*r + 296, -153 = -2*r + 4*p - p. What is the units digit of r?
9
Suppose -4*z - 2*a = -214, 4*a + 209 = 4*z + 7*a. Suppose -3*y = -4*u + z, 3*u + 2*y + y - 42 = 0. What is the tens digit of u?
1
Suppose 0 = 3*y + 2*m - 41, y + m + 29 = 4*y. Let i = 18 - y. What is the units digit of i?
7
Let x(k) = 5*k**3 + k**2 - 2*k - 2. What is the tens digit of x(2)?
3
Let a be (-2)/8 - 195/20. Let g = a + 22. What is the units digit of (-1)/((-3)/g*2)?
2
Suppose -5*k = f - 6*f + 45, -29 = k + 4*f. What is the tens digit of (-3)/9*k*3?
1
Let d(j) = j. Let m be d(2). Suppose -7*q = 2*l - m*q - 63, 4*l = -5*q + 121. What is the units digit of l?
9
Suppose 3*i = -20 + 65. What is the tens digit of i?
1
Let m be 2*(-9)/6 - 0. Let y be (6/4)/m*0. What is the units digit of (-8)/((2 - y)/(-2))?
8
Let v be (-1)/3 + (-96)/9. Suppose -d = 2*y - 40, 5*d - 48 = -2*y - 0*y. Let p = v + y. What is the units digit of p?
8
Let r = -2 - -4. Let s(w) = 20*w - 4. What is the units digit of s(r)?
6
Suppose 3*f - 115 = 122. What is the tens digit of f?
7
Let q(z) = z**3 - 4*z**2 + z - 3. What is the units digit of q(5)?
7
Suppose -3*y - 60 = -0*s - 3*s, y + 10 = -4*s. What is the tens digit of (-27)/y*44/6?
1
Suppose -1 = -3*n - 4. What is the units digit of n - (2 - (-12)/(-3))?
1
Let v(u) = u**2 + 10*u + 12. Let s be v(-9). Suppose 4*t - s*t = 11. What is the tens digit of t?
1
Let h be (5 + -2)*(-104)/(-3). Suppose 0 = -5*a - 3*p + 116, -3*a + 8*a = 3*p + h. What is the units digit of a?
2
Let f be 3/2 - (-1)/2. Let i(k) = 11*k - 3*k**f + 0*k**2 + 3*k**2 - 9 + k**2. What is the units digit of i(-12)?
3
What is the hundreds digit of 171 + (1 - 2)*3?
1
Let x be 2 - (2 + 0 + -2). Suppose -2*m - 2*v = 12, -2*v - v - x = -5*m. Let g = m + 6. What is the units digit of g?
4
Suppose 3*s - 5*s = -b - 297, -2 = -2*b. What is the tens digit of s?
4
Suppose -4*h + 9 = u, u = -2*u + 3. Suppose -h*l - 17 = -7, 2*v - 39 = 3*l. What is the units digit of v?
2
What is the tens digit of (18/(-7))/(9/(-84))?
2
Suppose -6*q = z - 2*q - 6, -2*z + q - 15 = 0. Let x = -4 - z. What is the units digit of (16/(-12))/(x/(-12))?
8
Let h(y) = -y**2 + y. Let m be h(-2). Let l = m - -6. What is the units digit of 10 + l + (4 - 5)?
9
Suppose 3*d - 3*m + 8*m - 1 = 0, 0 = 2*d - 2*m + 10. Let h = 5 + d. Suppose -40 = -5*f - 5*n, -h*f + 0*n + n = -1. What is the units digit of f?
3
Suppose -z - 4*s + 29 = 0, -5*z - 5 = -s - 45. Let u = -3 + z. What is the units digit of u?
6
Let y = 18 + -13. Suppose c = y*v + 28, 2*c - 3*v - 39 - 10 = 0. Suppose -c + 3 = -4*g. What is the units digit of g?
5
Suppose -2*a + 3*a = -8. What is the units digit of -3 + (-2)/(-2) - a?
6
Suppose -4*k + 1472 = 5*q, 5*q - 886 = 2*q - k. What is the hundreds digit of q?
2
Suppose -2*k = -3*o + 69, -4*o - 3*k + 69 = 2*k. Let s = o + -9. What is the tens digit of s?
1
Let b(j) be the third derivative of j**6/6 + j**5/60 + j**4/24 - j**3/6 + 4*j**2. What is the tens digit of b(1)?
2
Let g be 1/2*(4 - 16). Let o(s) = -5*s - 14. What is the units digit of o(g)?
6
Let p be 2/(((-14)/(-4))/(-7)). What is the units digit of 1/4 - 27/p?
7
Suppose 3*o - 2*x - 567 = 0, -4*o + x + 739 = 4*x. Suppose 5*s - 5*v + 27 = 207, 5*s + 2*v = o. Let j = s - 22. What is the tens digit of j?
1
What is the tens digit of (13/3 - -1)*120/10?
6
Let l(h) = h**3 + 6*h**2 + 4*h - 2. Let q be l(-5). Suppose -c - 34 = -q*c. What is the units digit of c?
7
Suppose 0 = -y + 2*u - 18, -3*y = -5*u + 40 + 19. Let m = 64 + y. What is the tens digit of m?
3
Let p be -10*1*2/(-2). Let h = -7 + p. Suppose -d - 5*z + 7 - 2 = 0, h*z = d - 5. What is the units digit of d?
5
Let y(m) = 3*m - 3. Let h be y(2). Suppose -o - 1 = -4*c + 1, -h = -3*c. Suppose -2*k = k + 15, -20 = -j + o*k. What is the units digit of j?
0
Let c(h) = 1 - 3 - 2 + h + h**2. Suppose 0 = -5*y - 5*r + 40, -2*y = -y - 2*r + 4. What is the tens digit of c(y)?
1
Suppose 2*w - 2*p - 2 = 0, 3*w - 4*p + 0 = -1. Suppose 0 = -k + w*z + 14, -5*k + 91 = -3*z - z. What is the units digit of k?
9
What is the tens digit of 246/9*3/2?
4
Suppose 3*y = -3*z + 750, 0 = -2*y + 5*z + 168 + 332. What is the units digit of y?
0
Let f = 47 + 1. What is the units digit of f?
8
Let k(m) = 10*m**2 - 3. What is the tens digit of k(-3)?
8
Let w = -72 + 74. What is the units digit of w?
2
What is the units digit of (-5)/3*(-6)/5?
2
Suppose 0*s + 136 = 4*s. What is the units digit of s?
4
Let f be (3 - 5)*(-5)/2. Suppose 2*j + 15 = f. Let p(h) = h**2 + 3*h - 3. What is the units digit of p(j)?
7
Suppose 3 - 5 = -2*d. What is the units digit of d?
1
Let u be (9 - 2) + 4/(-2). Suppose -2*g = o - 12, u*g = 4*o + 8 + 48. What is the units digit of g?
8
Suppose 71 + 172 = -3*h. Let b = 114 + h. Suppose -3*g + b = 9. What is the units digit of g?
8
Let c = 4 + 0. Let j(s) = 5*s**2 - 1. Let h be j(-1). Suppose 7*k - 2*k - 42 = -h*i, c*i - 26 = 3*k. What is the units digit of i?
8
Let n be 88/9 + (-10)/(-45). What is the units digit of (2 - -1) + -1 + n?
2
Let q(l) = l**2 - l - 1. Let m be q(-1). Let n = 0 + m. What is the tens digit of ((3*-11)/(-3))/n?
1
Suppose -4*j = -4 - 20. Suppose 3*a = j, 29 = -3*k - 0*k + a. What is the units digit of 2/k + (-130)/(-18)?
7
Let g(m) = -2*m + 2. Let o(u) = u - 1. Let l(r) = 3*g(r) + 4*o(r). What is the units digit of l(-5)?
2
Let m be (2*-2 + 2)/1. Let g be ((-3)/m)/((-3)/(-8)). Suppose 20 = 3*f + t, 6*f - 5*t - 36 = g*f. What is the units digit of f?
8
Let p = 40 + -32. What is the units digit of p?
8
Let r(h) = h**3 - h**2 + 6*h + 1. What is the tens digit of r(4)?
7
Let j(h) = -h**2 - 1. Let u(v) = v**3 - 15*v**2 + 12*v - 18. Let c(r) = -6*j(r) + u(r). What is the tens digit of c(8)?
2
Let w(v) be the second derivative of -v**5/20 + 7*v**4/12 + v**3/3 - 4*v**2 - 2*v. Let j be w(7). What is the tens digit of (-108)/(-11) - j/(-33)?
1
Let y(c) = c + 10. Let a be (0 + 2)*(-56)/16. What is the units digit of y(a)?
3
Suppose -4*z = -14 - 14. Let s(r) = r**2 - 7*r + 1. What is the units digit of s(z)?
1
Let f = 13 - 9. Suppose 0 = -f*t + 131 + 5. What is the tens digit of t?
3
Let j(x) be the third derivative of 1/60*x**5 + 0*x + 0*x**4 + 0 - 2*x**2 - 7/6*x**3. What is the units digit of j(3)?
2
Let j = 23 + -19. Let h be 2/2*1/1. Let w = j - h. What is the units digit of w?
3
What is the units digit of (-14)/(-49) - (-19)/7?
3
Let m(i) = 2*i**3 + 3*i**2 - 2*i. Let h = -4 + 1. Let d be m(h). Let s = d + 30. What is the units digit of s?
9
Let o = -17 + 19. Suppose -2*h - o*h = -2*q + 68, -240 = -5*q - 4*h. What is the units digit of q?
4
Let d(c) be the third derivative of c**4/24 - 2*c**3 + 3*c**2. Let u be d(10). What is the units digit of (-1 - -5) + u - -7?
9
Let x(n) = 4*n**2 - 3 - n**2 - 2*n**2. Let z(f) = 5*f - 18. Let s be z(3). What is the units digit of x(s)?
6
Let d(h) = -h + 11. Let c(x) = x**3 + 8*x**2 - 11*x - 7. Let l be c(-9). Let n be d(l). Suppose -t - 2*t + 12 = n. What is the units digit of t?
4
Let m(c) = c**3 + c**2 + c + 255. What is the units digit of m(0)?
5
Let w(l) = l**3 + 9*l**2 - 5*l - 5. What is the hundreds digit of w(-7)?
1
Suppose -2*z + 12 = -0. Let t be (3/z)/(1/44). Suppose 3*u - t = 5. What is the units digit of u?
9
Suppose 0*k + 4*r = 3*k + 1, 5*r = 5*k - 5. Suppose q + 3*q - 11 = 3*v, k*v - 30 = -3*q